{"id":427,"date":"2018-03-26T14:35:15","date_gmt":"2018-03-26T12:35:15","guid":{"rendered":"https:\/\/www.fskowi.rwth-aachen.de\/foobar\/?page_id=427"},"modified":"2021-05-29T16:47:46","modified_gmt":"2021-05-29T14:47:46","slug":"faq","status":"publish","type":"page","link":"https:\/\/www.fskowi.rwth-aachen.de\/index.php\/faq\/","title":{"rendered":"FAQ"},"content":{"rendered":"<p><div  class=\"ewd-ufaq-faq-list ewd-ufaq-page-type-load_more\" id='ewd-ufaq-faq-list'>\n\n\t<input type='hidden' name='show_on_load' value='' id='ewd-ufaq-show-on-load' \/>\n<input type='hidden' name='include_category' value='fachschaft-de' id='ewd-ufaq-include-category' \/>\n<input type='hidden' name='exclude_category' value='' id='ewd-ufaq-exclude-category' \/>\n<input type='hidden' name='orderby' value='date' id='ewd-ufaq-orderby' \/>\n<input type='hidden' name='order' value='asc' id='ewd-ufaq-order' \/>\n<input type='hidden' name='post_count' value='-1' id='ewd-ufaq-post-count' \/>\n<input type='hidden' name='current_url' value='\/index.php\/wp-json\/wp\/v2\/pages\/427' id='ewd-ufaq-current-url' \/>\n\t\n\t\n\t<div class='ewd-ufaq-faqs'>\n\n\t\t<div id='ewd-ufaq-faq-category-fachschaft-de' class='ewd-ufaq-faq-category'>\n\t\n\t<div class='ewd-ufaq-faq-category-title '  >\n\t\t\n\t\t<h4 title=\"Click here to open Rund um die Fachschaft\">\n\t\t\tRund um die Fachschaft\t\t\t\t\t<\/h4>\n\t\n\t<\/div>\n\t\n\t<div class='ewd-ufaq-faq-category-inner ' >\n<div  class=\"ewd-ufaq-faq-div ewd-ufaq-faq-column-count-one ewd-ufaq-faq-responsive-columns- ewd-ufaq-faq-display-style-default ewd-ufaq-can-be-toggled\" id='ewd-ufaq-post-13339-5dcRGAguJP' data-post_id='13339'>\n\n\t<div class='ewd-ufaq-faq-title ewd-ufaq-faq-toggle'>\n\t\n\t<a class='ewd-ufaq-post-margin'  href='#' role=\"button\">\n\n\t\t<div class='ewd-ufaq-post-margin-symbol ewd-ufaq-square'>\n\t\t\t<span >a<\/span>\n\t\t<\/div>\n\n\t\t<div class='ewd-ufaq-faq-title-text'>\n\n\t\t\t<h4>\n\t\t\t\tWas ist eigentlich eine Fachschaft und was sind ihre Aufgaben?\t\t\t<\/h4>\n\n\t\t<\/div>\n\n\t\t<div class='ewd-ufaq-clear'><\/div>\n\n\t<\/a>\n\t\n<\/div>\n\t\n\t<div class='ewd-ufaq-faq-body ewd-ufaq-hidden' >\n\n\t\t\n\t\t\t\n\t\t\n\t\t\t<div class='ewd-ufaq-post-margin ewd-ufaq-faq-post'>\n\t\n<p>Die Fachschaft 7\/3 bilden alle Studierenden der Studieng\u00e4nge SpraKo, MTIK, Psychologie, Empirische Bildungsforschung und Digimon. Innerhalb der Hochschule wird sie durch den Fachschaftsrat vertreten, der verwirrenderweise im allt\u00e4glichen Sprachgebrauch auch h\u00e4ufig Fachschaft genannt wird. Der Rat wird einmal im Semester auf der Vollversammlung von der Fachschaft gew\u00e4hlt und ist Teil der studentischen Selbstverwaltung.<br>Unsere wichtigste Aufgabe ist die Vertretung unserer Studierenden. Als Sprachrohr der Fachschaft, kommunizieren wir auf Hochschulebene. Au\u00dferdem organisieren wir die Erstsemesterzeit, verschiedene Veranstaltungen, Seminare, Exkursionen und vieles mehr.\u00a0<\/p>\n<\/div>\n\t\t\n\t\t\t<div class='ewd-ufaq-faq-custom-fields'>\n\n\t\n<\/div>\n\t\t\n\t\t\t\n\t\t\n\t\t\t\n\t\t\n\t\t\t\n\t\t\n\t\t\t\n\t\t\n\t\t\t\n\t\t\n\t\t\t\n\t\t\n\t\t\t\n\t\t\n\t<\/div>\n\n<\/div><div  class=\"ewd-ufaq-faq-div ewd-ufaq-faq-column-count-one ewd-ufaq-faq-responsive-columns- ewd-ufaq-faq-display-style-default ewd-ufaq-can-be-toggled\" id='ewd-ufaq-post-13341-ktpjR55XQI' data-post_id='13341'>\n\n\t<div class='ewd-ufaq-faq-title ewd-ufaq-faq-toggle'>\n\t\n\t<a class='ewd-ufaq-post-margin'  href='#' role=\"button\">\n\n\t\t<div class='ewd-ufaq-post-margin-symbol ewd-ufaq-square'>\n\t\t\t<span >a<\/span>\n\t\t<\/div>\n\n\t\t<div class='ewd-ufaq-faq-title-text'>\n\n\t\t\t<h4>\n\t\t\t\tFachschaftsarbeit interessiert mich. Wie kann ich bei euch mitmachen?\t\t\t<\/h4>\n\n\t\t<\/div>\n\n\t\t<div class='ewd-ufaq-clear'><\/div>\n\n\t<\/a>\n\t\n<\/div>\n\t\n\t<div class='ewd-ufaq-faq-body ewd-ufaq-hidden' >\n\n\t\t\n\t\t\t\n\t\t\n\t\t\t<div class='ewd-ufaq-post-margin ewd-ufaq-faq-post'>\n\t\n<p>Das ist ganz einfach! Komm Dienstags um 19:15 Uhr zur Fachschaftssitzung, um uns und unsere Arbeit ein wenig kennenzulernen. Wir freuen uns auf dich!<\/p>\n<\/div>\n\t\t\n\t\t\t<div class='ewd-ufaq-faq-custom-fields'>\n\n\t\n<\/div>\n\t\t\n\t\t\t\n\t\t\n\t\t\t\n\t\t\n\t\t\t\n\t\t\n\t\t\t\n\t\t\n\t\t\t\n\t\t\n\t\t\t\n\t\t\n\t\t\t\n\t\t\n\t<\/div>\n\n<\/div><div  class=\"ewd-ufaq-faq-div ewd-ufaq-faq-column-count-one ewd-ufaq-faq-responsive-columns- ewd-ufaq-faq-display-style-default ewd-ufaq-can-be-toggled\" id='ewd-ufaq-post-13350-kZqWpUis3V' data-post_id='13350'>\n\n\t<div class='ewd-ufaq-faq-title ewd-ufaq-faq-toggle'>\n\t\n\t<a class='ewd-ufaq-post-margin'  href='#' role=\"button\">\n\n\t\t<div class='ewd-ufaq-post-margin-symbol ewd-ufaq-square'>\n\t\t\t<span >a<\/span>\n\t\t<\/div>\n\n\t\t<div class='ewd-ufaq-faq-title-text'>\n\n\t\t\t<h4>\n\t\t\t\tIch will den Erstis zeigen, wo es langgeht! Wie werde ich Ersti-Tutor?\t\t\t<\/h4>\n\n\t\t<\/div>\n\n\t\t<div class='ewd-ufaq-clear'><\/div>\n\n\t<\/a>\n\t\n<\/div>\n\t\n\t<div class='ewd-ufaq-faq-body ewd-ufaq-hidden' >\n\n\t\t\n\t\t\t\n\t\t\n\t\t\t<div class='ewd-ufaq-post-margin ewd-ufaq-faq-post'>\n\t\n<p>Sch\u00f6n, dass Du uns bei der Erstsemesterarbeit unterst\u00fctzen m\u00f6chtest. Um Ersti-Tutor:in zu werden, nimmst Du an der von uns organisierten Tutorenschulung teil. Diese findet meist an einem der letzten Wochenenden vor Beginn des Wintersemesters statt. Hier wirst Du gezielt auf die Herausforderungen als Ersti-Tutor vorbereitet, au\u00dferdem bekommst Du Infomaterial und einen Ablaufplan f\u00fcr die Ersti-Woche. Nat\u00fcrlich kommt der Spa\u00df hier niemals zu kurz!<\/p>\n\n\n\n<p>Genauere Informationen zu der Tutorenschulung bekommst Du am Tutoreninformationstag! Dieser findet immer im Sommersemester statt und wird \u00fcber eine E-Mail an unsere Verteiler angek\u00fcndigt. Unser Referat f\u00fcr Erstsemesterarbeit freut sich aber auch \u00fcber eine Mail von Dir (<a href=\"mailto:esa@fskowi.rwth-aachen.de\">esa@fskowi.rwth-aachen.de<\/a>)!<\/p>\n<\/div>\n\t\t\n\t\t\t<div class='ewd-ufaq-faq-custom-fields'>\n\n\t\n<\/div>\n\t\t\n\t\t\t\n\t\t\n\t\t\t\n\t\t\n\t\t\t\n\t\t\n\t\t\t\n\t\t\n\t\t\t\n\t\t\n\t\t\t\n\t\t\n\t\t\t\n\t\t\n\t<\/div>\n\n<\/div><\/div>\n\n<\/div>\n\n\t<\/div>\n\n\t\n<\/div><br \/>\n<div  class=\"ewd-ufaq-faq-list ewd-ufaq-page-type-load_more\" id='ewd-ufaq-faq-list'>\n\n\t<input type='hidden' name='show_on_load' value='' id='ewd-ufaq-show-on-load' \/>\n<input type='hidden' name='include_category' value='studium-de' id='ewd-ufaq-include-category' \/>\n<input type='hidden' name='exclude_category' value='' id='ewd-ufaq-exclude-category' \/>\n<input type='hidden' name='orderby' value='date' id='ewd-ufaq-orderby' \/>\n<input type='hidden' name='order' value='asc' id='ewd-ufaq-order' \/>\n<input type='hidden' name='post_count' value='-1' id='ewd-ufaq-post-count' \/>\n<input type='hidden' name='current_url' value='\/index.php\/wp-json\/wp\/v2\/pages\/427' id='ewd-ufaq-current-url' \/>\n\t\n\t\n\t<div class='ewd-ufaq-faqs'>\n\n\t\t<div id='ewd-ufaq-faq-category-studium-de' class='ewd-ufaq-faq-category'>\n\t\n\t<div class='ewd-ufaq-faq-category-title '  >\n\t\t\n\t\t<h4 title=\"Click here to open Rund ums Studium\">\n\t\t\tRund ums Studium\t\t\t\t\t<\/h4>\n\t\n\t<\/div>\n\t\n\t<div class='ewd-ufaq-faq-category-inner ' >\n<div  class=\"ewd-ufaq-faq-div ewd-ufaq-faq-column-count-one ewd-ufaq-faq-responsive-columns- ewd-ufaq-faq-display-style-default ewd-ufaq-can-be-toggled\" id='ewd-ufaq-post-13343-Je6AqPqHnf' data-post_id='13343'>\n\n\t<div class='ewd-ufaq-faq-title ewd-ufaq-faq-toggle'>\n\t\n\t<a class='ewd-ufaq-post-margin'  href='#' role=\"button\">\n\n\t\t<div class='ewd-ufaq-post-margin-symbol ewd-ufaq-square'>\n\t\t\t<span >a<\/span>\n\t\t<\/div>\n\n\t\t<div class='ewd-ufaq-faq-title-text'>\n\n\t\t\t<h4>\n\t\t\t\tWo finde ich genauere Informationen zu meinem Studiengang und meinen Veranstaltungen?\t\t\t<\/h4>\n\n\t\t<\/div>\n\n\t\t<div class='ewd-ufaq-clear'><\/div>\n\n\t<\/a>\n\t\n<\/div>\n\t\n\t<div class='ewd-ufaq-faq-body ewd-ufaq-hidden' >\n\n\t\t\n\t\t\t\n\t\t\n\t\t\t<div class='ewd-ufaq-post-margin ewd-ufaq-faq-post'>\n\t\n<p>Grunds\u00e4tzliche Informationen zu Deinem Studiengang findest Du in der Pr\u00fcfungsordnung (PO). Dort findest Du beispielsweise Zugangsvoraussetzungen, zugelassene Pr\u00fcfungsformen, den Studienverlaufsplan und vieles mehr. Deine PO findest Du auf der <a href=\"https:\/\/www.rwth-aachen.de\/cms\/root\/Die-RWTH\/Aktuell\/~xhf\/Amtliche-Bekanntmachungen\/\">Seite der RWTH<\/a>. Um n\u00e4here Informationen zu einzelnen Veranstaltungen, entsprechenden Pr\u00fcfungsvoraussetzungen oder auch Anwesenheitspflicht zu erhalten, kannst Du in das Modulhandbuch schauen. Das findest Du in RWTH-Online unter &#8222;Studienangebot&#8220;, wenn Du beim dort bei Deinem Studiengang das Buch-Symbol <img decoding=\"async\" loading=\"lazy\" width=\"16\" height=\"16\" class=\"wp-image-13250\" style=\"width: 16px\" src=\"https:\/\/www.fskowi.rwth-aachen.de\/wp-content\/uploads\/2021\/05\/book_open.png\" alt=\"\"> anklickst. Solltest Du Schwierigkeiten haben, die richtige Information zu finden, helfen wir Dir gerne weiter.\u00a0 Erfahrungsgem\u00e4\u00df bietet sich hier ein pers\u00f6nliches Gespr\u00e4ch bei einer Tasse Tee oder Kaffee an.<\/p>\n\n\n\n<p><\/p>\n<\/div>\n\t\t\n\t\t\t<div class='ewd-ufaq-faq-custom-fields'>\n\n\t\n<\/div>\n\t\t\n\t\t\t\n\t\t\n\t\t\t\n\t\t\n\t\t\t\n\t\t\n\t\t\t\n\t\t\n\t\t\t\n\t\t\n\t\t\t\n\t\t\n\t\t\t\n\t\t\n\t<\/div>\n\n<\/div><div  class=\"ewd-ufaq-faq-div ewd-ufaq-faq-column-count-one ewd-ufaq-faq-responsive-columns- ewd-ufaq-faq-display-style-default ewd-ufaq-can-be-toggled\" id='ewd-ufaq-post-13349-OKJ0aQRPdS' data-post_id='13349'>\n\n\t<div class='ewd-ufaq-faq-title ewd-ufaq-faq-toggle'>\n\t\n\t<a class='ewd-ufaq-post-margin'  href='#' role=\"button\">\n\n\t\t<div class='ewd-ufaq-post-margin-symbol ewd-ufaq-square'>\n\t\t\t<span >a<\/span>\n\t\t<\/div>\n\n\t\t<div class='ewd-ufaq-faq-title-text'>\n\n\t\t\t<h4>\n\t\t\t\tIch m\u00f6chte innerhalb des n\u00e4chsten Jahres meine Abschlussarbeit schreiben. Worauf muss ich achten?\t\t\t<\/h4>\n\n\t\t<\/div>\n\n\t\t<div class='ewd-ufaq-clear'><\/div>\n\n\t<\/a>\n\t\n<\/div>\n\t\n\t<div class='ewd-ufaq-faq-body ewd-ufaq-hidden' >\n\n\t\t\n\t\t\t\n\t\t\n\t\t\t<div class='ewd-ufaq-post-margin ewd-ufaq-faq-post'>\n\t\n<p>Die Details zur Anmeldung einer Abschlussarbeit h\u00e4ngen vom jeweiligen Studiengang bzw. Institut ab. Genauere Informationen findest du, passend zu Deinem Studiengang, unter dem Reiter <a href=\"https:\/\/www.fskowi.rwth-aachen.de\/index.php\/info\/\" data-type=\"URL\">Informationen<\/a> auf dieser Homepage.<\/p>\n<\/div>\n\t\t\n\t\t\t<div class='ewd-ufaq-faq-custom-fields'>\n\n\t\n<\/div>\n\t\t\n\t\t\t\n\t\t\n\t\t\t\n\t\t\n\t\t\t\n\t\t\n\t\t\t\n\t\t\n\t\t\t\n\t\t\n\t\t\t\n\t\t\n\t\t\t\n\t\t\n\t<\/div>\n\n<\/div><\/div>\n\n<\/div>\n\n\t<\/div>\n\n\t\n<\/div><br \/>\n<div  class=\"ewd-ufaq-faq-list ewd-ufaq-page-type-load_more\" id='ewd-ufaq-faq-list'>\n\n\t<input type='hidden' name='show_on_load' value='' id='ewd-ufaq-show-on-load' \/>\n<input type='hidden' name='include_category' value='sonstiges-de' id='ewd-ufaq-include-category' \/>\n<input type='hidden' name='exclude_category' value='' id='ewd-ufaq-exclude-category' \/>\n<input type='hidden' name='orderby' value='date' id='ewd-ufaq-orderby' \/>\n<input type='hidden' name='order' value='asc' id='ewd-ufaq-order' \/>\n<input type='hidden' name='post_count' value='-1' id='ewd-ufaq-post-count' \/>\n<input type='hidden' name='current_url' value='\/index.php\/wp-json\/wp\/v2\/pages\/427' id='ewd-ufaq-current-url' \/>\n\t\n\t\n\t<div class='ewd-ufaq-faqs'>\n\n\t\t<div id='ewd-ufaq-faq-category-sonstiges-de' class='ewd-ufaq-faq-category'>\n\t\n\t<div class='ewd-ufaq-faq-category-title '  >\n\t\t\n\t\t<h4 title=\"Click here to open Sonstiges\">\n\t\t\tSonstiges\t\t\t\t\t<\/h4>\n\t\n\t<\/div>\n\t\n\t<div class='ewd-ufaq-faq-category-inner ' >\n<div  class=\"ewd-ufaq-faq-div ewd-ufaq-faq-column-count-one ewd-ufaq-faq-responsive-columns- ewd-ufaq-faq-display-style-default ewd-ufaq-can-be-toggled\" id='ewd-ufaq-post-13347-nieQhdDa55' data-post_id='13347'>\n\n\t<div class='ewd-ufaq-faq-title ewd-ufaq-faq-toggle'>\n\t\n\t<a class='ewd-ufaq-post-margin'  href='#' role=\"button\">\n\n\t\t<div class='ewd-ufaq-post-margin-symbol ewd-ufaq-square'>\n\t\t\t<span >a<\/span>\n\t\t<\/div>\n\n\t\t<div class='ewd-ufaq-faq-title-text'>\n\n\t\t\t<h4>\n\t\t\t\tIch studiere einen der Studieng\u00e4nge der Fachschaft und bin noch nicht auf den Mail-Verteilern eingetragen. Was muss ich tun?\t\t\t<\/h4>\n\n\t\t<\/div>\n\n\t\t<div class='ewd-ufaq-clear'><\/div>\n\n\t<\/a>\n\t\n<\/div>\n\t\n\t<div class='ewd-ufaq-faq-body ewd-ufaq-hidden' >\n\n\t\t\n\t\t\t\n\t\t\n\t\t\t<div class='ewd-ufaq-post-margin ewd-ufaq-faq-post'>\n\t\n<p>Schreib uns einfach eine Mail an <a href=\"mailto:admin@fskowi.rwth-aachen.de\">admin@fskowi.rwth-aachen.de<\/a> mit deinem Studiengang und der Mail-Adresse, die auf den Verteiler eingetragen werden soll.<\/p>\n<\/div>\n\t\t\n\t\t\t<div class='ewd-ufaq-faq-custom-fields'>\n\n\t\n<\/div>\n\t\t\n\t\t\t\n\t\t\n\t\t\t\n\t\t\n\t\t\t\n\t\t\n\t\t\t\n\t\t\n\t\t\t\n\t\t\n\t\t\t\n\t\t\n\t\t\t\n\t\t\n\t<\/div>\n\n<\/div><div  class=\"ewd-ufaq-faq-div ewd-ufaq-faq-column-count-one ewd-ufaq-faq-responsive-columns- ewd-ufaq-faq-display-style-default ewd-ufaq-can-be-toggled\" id='ewd-ufaq-post-13348-CJ5R3YnfHl' data-post_id='13348'>\n\n\t<div class='ewd-ufaq-faq-title ewd-ufaq-faq-toggle'>\n\t\n\t<a class='ewd-ufaq-post-margin'  href='#' role=\"button\">\n\n\t\t<div class='ewd-ufaq-post-margin-symbol ewd-ufaq-square'>\n\t\t\t<span >a<\/span>\n\t\t<\/div>\n\n\t\t<div class='ewd-ufaq-faq-title-text'>\n\n\t\t\t<h4>\n\t\t\t\tIch m\u00f6chte viele eurer Studierenden erreichen. Wie mache ich das?\t\t\t<\/h4>\n\n\t\t<\/div>\n\n\t\t<div class='ewd-ufaq-clear'><\/div>\n\n\t<\/a>\n\t\n<\/div>\n\t\n\t<div class='ewd-ufaq-faq-body ewd-ufaq-hidden' >\n\n\t\t\n\t\t\t\n\t\t\n\t\t\t<div class='ewd-ufaq-post-margin ewd-ufaq-faq-post'>\n\t\n<p>Du m\u00f6chtest eine Umfrage verbreiten? Daf\u00fcr kannst Du dem Umfragen-Verteiler <em><a href=\"mailto:fskowi-umfragen@lists.rwth-aachen.de\">fskowi-umfragen@lists.rwth-aachen.<\/a><\/em>de gern direkt beitreten und Deine Mail verschicken.<\/p>\n\n\n\n<p>Du m\u00f6chtest gerne eine Stellenausschreibung verbreiten? Schreib uns gerne eine Mail an <a href=\"mailto:fs@fskowi.rwth-aachen.de\">kontakt@fskowi.rwth-aachen.de<\/a> und wir ver\u00f6ffentlichen die Ausschreibung in unserer Stellenb\u00f6rse so bald wie m\u00f6glich. Aufgrund unserer Kapizit\u00e4ten kann sich das Hochladen verz\u00f6gern.<\/p>\n\n\n\n<p>Du m\u00f6chtest die Studierenden eines Studienganges kontaktieren? Dann schreib uns gerne eine Mail an <a href=\"mailto:fs@fskowi.rwth-aachen.de\">kontakt@fskowi.rwth-aachen.de<\/a> mit deinem Anliegen.\u00a0<\/p>\n\n\n\n<p>Sie wollen Ihr Wissen weitergeben oder Ihr Unternehmen als potentiellen Arbeitgeber vorstellen? Dann schreiben Sie eine Email an <a href=\"mailto:bw@fskowi.rwth-aachen.de\">weiterbildung@fskowi.rwth-aachen.de<\/a>. Wir bem\u00fchen uns, regelm\u00e4\u00dfig Exkursionen und Seminare f\u00fcr unsere Studierenden zu organisieren.<\/p>\n\n\n\n<p><\/p>\n<\/div>\n\t\t\n\t\t\t<div class='ewd-ufaq-faq-custom-fields'>\n\n\t\n<\/div>\n\t\t\n\t\t\t\n\t\t\n\t\t\t\n\t\t\n\t\t\t\n\t\t\n\t\t\t\n\t\t\n\t\t\t\n\t\t\n\t\t\t\n\t\t\n\t\t\t\n\t\t\n\t<\/div>\n\n<\/div><div  class=\"ewd-ufaq-faq-div ewd-ufaq-faq-column-count-one ewd-ufaq-faq-responsive-columns- ewd-ufaq-faq-display-style-default ewd-ufaq-can-be-toggled\" id='ewd-ufaq-post-13351-a5nRWcZPFP' data-post_id='13351'>\n\n\t<div class='ewd-ufaq-faq-title ewd-ufaq-faq-toggle'>\n\t\n\t<a class='ewd-ufaq-post-margin'  href='#' role=\"button\">\n\n\t\t<div class='ewd-ufaq-post-margin-symbol ewd-ufaq-square'>\n\t\t\t<span >a<\/span>\n\t\t<\/div>\n\n\t\t<div class='ewd-ufaq-faq-title-text'>\n\n\t\t\t<h4>\n\t\t\t\tDeine Frage ist noch nicht beantwortet?\t\t\t<\/h4>\n\n\t\t<\/div>\n\n\t\t<div class='ewd-ufaq-clear'><\/div>\n\n\t<\/a>\n\t\n<\/div>\n\t\n\t<div class='ewd-ufaq-faq-body ewd-ufaq-hidden' >\n\n\t\t\n\t\t\t\n\t\t\n\t\t\t<div class='ewd-ufaq-post-margin ewd-ufaq-faq-post'>\n\t\n<p>Schreib uns eine <a href=\"mailto:fs@fskowi.rwth-aachen.de\">E-Mail<\/a> oder komm vorbei \ud83d\ude42<\/p>\n<\/div>\n\t\t\n\t\t\t<div class='ewd-ufaq-faq-custom-fields'>\n\n\t\n<\/div>\n\t\t\n\t\t\t\n\t\t\n\t\t\t\n\t\t\n\t\t\t\n\t\t\n\t\t\t\n\t\t\n\t\t\t\n\t\t\n\t\t\t\n\t\t\n\t\t\t\n\t\t\n\t<\/div>\n\n<\/div><\/div>\n\n<\/div>\n\n\t<\/div>\n\n\t\n<\/div><\/p>\n","protected":false},"excerpt":{"rendered":"<p>A Deine Frage ist noch nicht beantwortet? Schreib uns eine E-Mail oder komm vorbei \ud83d\ude42<\/p>\n","protected":false},"author":1,"featured_media":0,"parent":0,"menu_order":0,"comment_status":"closed","ping_status":"closed","template":"","meta":{"colormag_page_container_layout":"default_layout","colormag_page_sidebar_layout":"default_layout","footnotes":""},"class_list":["post-427","page","type-page","status-publish","hentry"],"_links":{"self":[{"href":"https:\/\/www.fskowi.rwth-aachen.de\/index.php\/wp-json\/wp\/v2\/pages\/427","targetHints":{"allow":["GET"]}}],"collection":[{"href":"https:\/\/www.fskowi.rwth-aachen.de\/index.php\/wp-json\/wp\/v2\/pages"}],"about":[{"href":"https:\/\/www.fskowi.rwth-aachen.de\/index.php\/wp-json\/wp\/v2\/types\/page"}],"author":[{"embeddable":true,"href":"https:\/\/www.fskowi.rwth-aachen.de\/index.php\/wp-json\/wp\/v2\/users\/1"}],"replies":[{"embeddable":true,"href":"https:\/\/www.fskowi.rwth-aachen.de\/index.php\/wp-json\/wp\/v2\/comments?post=427"}],"version-history":[{"count":7,"href":"https:\/\/www.fskowi.rwth-aachen.de\/index.php\/wp-json\/wp\/v2\/pages\/427\/revisions"}],"predecessor-version":[{"id":13527,"href":"https:\/\/www.fskowi.rwth-aachen.de\/index.php\/wp-json\/wp\/v2\/pages\/427\/revisions\/13527"}],"wp:attachment":[{"href":"https:\/\/www.fskowi.rwth-aachen.de\/index.php\/wp-json\/wp\/v2\/media?parent=427"}],"curies":[{"name":"wp","href":"https:\/\/api.w.org\/{rel}","templated":true}]}}